{"id":75,"date":"2023-03-24T06:55:22","date_gmt":"2023-03-24T06:55:22","guid":{"rendered":"https:\/\/cozystay.loftocean.com\/mountain-chalet\/?page_id=75"},"modified":"2025-07-12T11:27:26","modified_gmt":"2025-07-12T11:27:26","slug":"contact","status":"publish","type":"page","link":"https:\/\/loreedespistes-toussuire.com\/index.php\/contact\/","title":{"rendered":"Contact"},"content":{"rendered":"\t\t<div data-elementor-type=\"wp-page\" data-elementor-id=\"75\" class=\"elementor elementor-75\">\n\t\t\t\t\t\t<section class=\"elementor-section elementor-top-section elementor-element elementor-element-29247c7 elementor-section-full_width elementor-section-height-default elementor-section-height-default\" data-id=\"29247c7\" data-element_type=\"section\" data-e-type=\"section\">\n\t\t\t\t\t\t<div class=\"elementor-container elementor-column-gap-no\">\n\t\t\t\t\t<div class=\"elementor-column elementor-col-100 elementor-top-column elementor-element elementor-element-ee27c5e\" data-id=\"ee27c5e\" data-element_type=\"column\" data-e-type=\"column\">\n\t\t\t<div class=\"elementor-widget-wrap elementor-element-populated\">\n\t\t\t\t\t\t<div class=\"elementor-element elementor-element-520d085 elementor-widget elementor-widget-html\" data-id=\"520d085\" data-element_type=\"widget\" data-e-type=\"widget\" data-widget_type=\"html.default\">\n\t\t\t\t\t<iframe src=\"https:\/\/www.google.com\/maps\/embed?pb=!1m18!1m12!1m3!1d2936.607598515166!2d6.254166676232869!3d45.2556583473288!2m3!1f0!2f0!3f0!3m2!1i1024!2i768!4f13.1!3m3!1m2!1s0x478a3a3c99f31275%3A0x8f82ec6efed5a092!2s7%20Rue%20des%20Chasseurs%20Alpins%2C%2073300%20Fontcouverte-la-Toussuire!5e1!3m2!1sfr!2sfr!4v1752139747577!5m2!1sfr!2sfr\" width=\"600\" height=\"450\" style=\"border:0;\" allowfullscreen=\"\" loading=\"lazy\" referrerpolicy=\"no-referrer-when-downgrade\"><\/iframe>\t\t\t\t<\/div>\n\t\t\t\t\t<\/div>\n\t\t<\/div>\n\t\t\t\t\t<\/div>\n\t\t<\/section>\n\t\t\t\t<section class=\"elementor-section elementor-top-section elementor-element elementor-element-44764146 elementor-section-boxed elementor-section-height-default elementor-section-height-default\" data-id=\"44764146\" data-element_type=\"section\" data-e-type=\"section\" data-settings=\"{&quot;background_background&quot;:&quot;classic&quot;}\">\n\t\t\t\t\t\t<div class=\"elementor-container elementor-column-gap-no\">\n\t\t\t\t\t<div class=\"elementor-column elementor-col-50 elementor-top-column elementor-element elementor-element-43c4a1ad\" data-id=\"43c4a1ad\" data-element_type=\"column\" data-e-type=\"column\" data-settings=\"{&quot;background_background&quot;:&quot;classic&quot;}\">\n\t\t\t<div class=\"elementor-widget-wrap elementor-element-populated\">\n\t\t\t\t\t\t<div class=\"elementor-element elementor-element-2445f4fc elementor-widget elementor-widget-spacer\" data-id=\"2445f4fc\" data-element_type=\"widget\" data-e-type=\"widget\" data-widget_type=\"spacer.default\">\n\t\t\t\t\t\t\t<div class=\"elementor-spacer\">\n\t\t\t<div class=\"elementor-spacer-inner\"><\/div>\n\t\t<\/div>\n\t\t\t\t\t\t<\/div>\n\t\t\t\t\t<\/div>\n\t\t<\/div>\n\t\t\t\t<div class=\"elementor-column elementor-col-50 elementor-top-column elementor-element elementor-element-4c1eb2f5\" data-id=\"4c1eb2f5\" data-element_type=\"column\" data-e-type=\"column\" data-settings=\"{&quot;background_background&quot;:&quot;classic&quot;}\">\n\t\t\t<div class=\"elementor-widget-wrap elementor-element-populated\">\n\t\t\t\t\t\t<div class=\"elementor-element elementor-element-36722586 elementor-widget elementor-widget-cs_title\" data-id=\"36722586\" data-element_type=\"widget\" data-e-type=\"widget\" data-widget_type=\"cs_title.default\">\n\t\t\t\t<div class=\"elementor-widget-container\">\n\t\t\t\t\t\n        <div class=\"cs-title-wrap\">\t            <h6 class=\"cs-title\">\n\t                Contactez-nous\t            <\/h6>        <\/div>\t\t\t\t<\/div>\n\t\t\t\t<\/div>\n\t\t\t\t<div class=\"elementor-element elementor-element-781b88fa elementor-widget elementor-widget-cs_list\" data-id=\"781b88fa\" data-element_type=\"widget\" data-e-type=\"widget\" data-widget_type=\"cs_list.default\">\n\t\t\t\t<div class=\"elementor-widget-container\">\n\t\t\t\t\t\n            <ul class=\"cs-list cs-list-type-none with-border\">                <li>                    <span class=\"list-content\">R\u00e9sidence l'Or\u00e9e des pistes<\/br>\n7 route des chasseurs alpins<\/br>\n73300 Fontcouverte-la-Toussuire<\/span>                <\/li>                <li>                    <span class=\"list-content\">+33 6 66 37 48 66<\/span>                <\/li>                <li>                    <span class=\"list-content\">loreedespistes.toussuire@gmail.com<\/span>                <\/li>            <\/ul>\t\t\t\t<\/div>\n\t\t\t\t<\/div>\n\t\t\t\t<div class=\"elementor-element elementor-element-29601437 elementor-widget elementor-widget-cs_title\" data-id=\"29601437\" data-element_type=\"widget\" data-e-type=\"widget\" data-widget_type=\"cs_title.default\">\n\t\t\t\t<div class=\"elementor-widget-container\">\n\t\t\t\t\t\n        <div class=\"cs-title-wrap\">\t            <h6 class=\"cs-title\">\n\t                .. O\u00f9 laissez nous un message\t            <\/h6>        <\/div>\t\t\t\t<\/div>\n\t\t\t\t<\/div>\n\t\t\t\t<div class=\"elementor-element elementor-element-798ea157 elementor-widget elementor-widget-cs_form_cf7\" data-id=\"798ea157\" data-element_type=\"widget\" data-e-type=\"widget\" data-widget_type=\"cs_form_cf7.default\">\n\t\t\t\t<div class=\"elementor-widget-container\">\n\t\t\t\t\t            <div class=\"cs-form-cf7 placeholder-normal\">\n                <div class=\"cs-form-cf7-wrap\">\n<div class=\"wpcf7 no-js\" id=\"wpcf7-f2061-o1\" lang=\"en-US\" dir=\"ltr\" data-wpcf7-id=\"2061\">\n<div class=\"screen-reader-response\"><p role=\"status\" aria-live=\"polite\" aria-atomic=\"true\"><\/p> <ul><\/ul><\/div>\n<form action=\"\/index.php\/wp-json\/wp\/v2\/pages\/75#wpcf7-f2061-o1\" method=\"post\" class=\"wpcf7-form init\" aria-label=\"Contact form\" novalidate=\"novalidate\" data-status=\"init\">\n<fieldset class=\"hidden-fields-container\"><input type=\"hidden\" name=\"_wpcf7\" value=\"2061\" \/><input type=\"hidden\" name=\"_wpcf7_version\" value=\"6.1.5\" \/><input type=\"hidden\" name=\"_wpcf7_locale\" value=\"en_US\" \/><input type=\"hidden\" name=\"_wpcf7_unit_tag\" value=\"wpcf7-f2061-o1\" \/><input type=\"hidden\" name=\"_wpcf7_container_post\" value=\"0\" \/><input type=\"hidden\" name=\"_wpcf7_posted_data_hash\" value=\"\" \/><input type=\"hidden\" name=\"_wpcf7_recaptcha_response\" value=\"\" \/>\n<\/fieldset>\n<p><label><span class=\"wpcf7-form-control-wrap\" data-name=\"your-name\"><input size=\"40\" maxlength=\"400\" class=\"wpcf7-form-control wpcf7-text wpcf7-validates-as-required\" autocomplete=\"name\" aria-required=\"true\" aria-invalid=\"false\" placeholder=\"Votre nom\" value=\"\" type=\"text\" name=\"your-name\" \/><\/span> <\/label>\n<\/p>\n<p><label><span class=\"wpcf7-form-control-wrap\" data-name=\"your-email\"><input size=\"40\" maxlength=\"400\" class=\"wpcf7-form-control wpcf7-email wpcf7-validates-as-required wpcf7-text wpcf7-validates-as-email\" autocomplete=\"email\" aria-required=\"true\" aria-invalid=\"false\" placeholder=\"Votre email\" value=\"\" type=\"email\" name=\"your-email\" \/><\/span> <\/label>\n<\/p>\n<p><label><span class=\"wpcf7-form-control-wrap\" data-name=\"your-subject\"><input size=\"40\" maxlength=\"400\" class=\"wpcf7-form-control wpcf7-text wpcf7-validates-as-required\" aria-required=\"true\" aria-invalid=\"false\" placeholder=\"Sujet\" value=\"\" type=\"text\" name=\"your-subject\" \/><\/span> <\/label>\n<\/p>\n<p><label><span class=\"wpcf7-form-control-wrap\" data-name=\"your-message\"><textarea cols=\"40\" rows=\"10\" maxlength=\"2000\" class=\"wpcf7-form-control wpcf7-textarea\" aria-invalid=\"false\" placeholder=\"Votre message\" name=\"your-message\"><\/textarea><\/span> <\/label>\n<\/p>\n<p><input class=\"wpcf7-form-control wpcf7-submit has-spinner\" type=\"submit\" value=\"Submit\" \/>\n<\/p><p style=\"display: none !important;\" class=\"akismet-fields-container\" data-prefix=\"_wpcf7_ak_\"><label>&#916;<textarea name=\"_wpcf7_ak_hp_textarea\" cols=\"45\" rows=\"8\" maxlength=\"100\"><\/textarea><\/label><input type=\"hidden\" id=\"ak_js_1\" name=\"_wpcf7_ak_js\" value=\"231\"\/><script>document.getElementById( \"ak_js_1\" ).setAttribute( \"value\", ( new Date() ).getTime() );<\/script><\/p><div class=\"wpcf7-response-output\" aria-hidden=\"true\"><\/div>\n<\/form>\n<\/div>\n<\/div>\n            <\/div>\t\t\t\t<\/div>\n\t\t\t\t<\/div>\n\t\t\t\t\t<\/div>\n\t\t<\/div>\n\t\t\t\t\t<\/div>\n\t\t<\/section>\n\t\t\t\t<\/div>\n\t\t","protected":false},"excerpt":{"rendered":"<p>Contactez-nous R\u00e9sidence l&rsquo;Or\u00e9e des pistes 7 route des chasseurs alpins 73300 Fontcouverte-la-Toussuire +33 6 66 37 48 66 loreedespistes.toussuire@gmail.com .. O\u00f9 laissez nous un message &#916;<\/p>\n","protected":false},"author":2,"featured_media":0,"parent":0,"menu_order":0,"comment_status":"closed","ping_status":"closed","template":"template-wide-content.php","meta":{"cozystay_single_page_hide_site_header":"","cozystay_single_page_site_header_source":"","cozystay_single_page_custom_site_header":"0","cozystay_single_page_custom_sticky_site_header":"0","cozystay_single_page_hide_page_title":"on","cozystay_single_page_header_section_size":"","cozystay_single_page_header_background_color":"","cozystay_single_page_header_background_position_x":"center","cozystay_single_page_header_background_position_y":"center","cozystay_single_page_header_background_size":"cover","cozystay_single_page_header_background_repeat":"off","cozystay_single_page_header_background_scroll":"on","cozystay_single_page_header_text_color":"","cozystay_single_page_header_show_breadcrumb":"","cozystay_single_page_site_footer_hide_main":"","cozystay_single_custom_site_footer_main_source":"","cozystay_single_custom_site_footer_main":"0","cozystay_single_page_site_footer_hide_above":"","cozystay_single_custom_site_footer_above_source":"","cozystay_single_custom_site_footer_above":"0","cozystay_single_page_site_footer_hide_instagram":"","cozystay_single_page_site_footer_hide_bottom":"","cozystay_single_custom_mobile_menu_source":"","cozystay_single_custom_mobile_menu":"0","cozystay_single_custom_mobile_menu_animation":"","cozystay_single_custom_mobile_menu_width":"","cozystay_single_custom_mobile_menu_custom_width":375,"footnotes":""},"class_list":["post-75","page","type-page","status-publish","hentry"],"yoast_head":"<!-- This site is optimized with the Yoast SEO plugin v27.4 - https:\/\/yoast.com\/product\/yoast-seo-wordpress\/ -->\n<title>Contact - R\u00e9sidence l&#039;Or\u00e9e des pistes \u00e0 la Toussuire<\/title>\n<meta name=\"robots\" content=\"index, follow, max-snippet:-1, max-image-preview:large, max-video-preview:-1\" \/>\n<link rel=\"canonical\" href=\"https:\/\/loreedespistes-toussuire.com\/index.php\/contact\/\" \/>\n<meta property=\"og:locale\" content=\"fr_FR\" \/>\n<meta property=\"og:type\" content=\"article\" \/>\n<meta property=\"og:title\" content=\"Contact - R\u00e9sidence l&#039;Or\u00e9e des pistes \u00e0 la Toussuire\" \/>\n<meta property=\"og:description\" content=\"Contactez-nous R\u00e9sidence l&rsquo;Or\u00e9e des pistes 7 route des chasseurs alpins 73300 Fontcouverte-la-Toussuire +33 6 66 37 48 66 loreedespistes.toussuire@gmail.com .. O\u00f9 laissez nous un message &#916;\" \/>\n<meta property=\"og:url\" content=\"https:\/\/loreedespistes-toussuire.com\/index.php\/contact\/\" \/>\n<meta property=\"og:site_name\" content=\"R\u00e9sidence l&#039;Or\u00e9e des pistes \u00e0 la Toussuire\" \/>\n<meta property=\"article:modified_time\" content=\"2025-07-12T11:27:26+00:00\" \/>\n<meta name=\"twitter:card\" content=\"summary_large_image\" \/>\n<meta name=\"twitter:label1\" content=\"Dur\u00e9e de lecture estim\u00e9e\" \/>\n\t<meta name=\"twitter:data1\" content=\"1 minute\" \/>\n<script type=\"application\/ld+json\" class=\"yoast-schema-graph\">{\"@context\":\"https:\\\/\\\/schema.org\",\"@graph\":[{\"@type\":\"WebPage\",\"@id\":\"https:\\\/\\\/loreedespistes-toussuire.com\\\/index.php\\\/contact\\\/\",\"url\":\"https:\\\/\\\/loreedespistes-toussuire.com\\\/index.php\\\/contact\\\/\",\"name\":\"Contact - R\u00e9sidence l&#039;Or\u00e9e des pistes \u00e0 la Toussuire\",\"isPartOf\":{\"@id\":\"https:\\\/\\\/loreedespistes-toussuire.com\\\/#website\"},\"datePublished\":\"2023-03-24T06:55:22+00:00\",\"dateModified\":\"2025-07-12T11:27:26+00:00\",\"breadcrumb\":{\"@id\":\"https:\\\/\\\/loreedespistes-toussuire.com\\\/index.php\\\/contact\\\/#breadcrumb\"},\"inLanguage\":\"fr-FR\",\"potentialAction\":[{\"@type\":\"ReadAction\",\"target\":[\"https:\\\/\\\/loreedespistes-toussuire.com\\\/index.php\\\/contact\\\/\"]}]},{\"@type\":\"BreadcrumbList\",\"@id\":\"https:\\\/\\\/loreedespistes-toussuire.com\\\/index.php\\\/contact\\\/#breadcrumb\",\"itemListElement\":[{\"@type\":\"ListItem\",\"position\":1,\"name\":\"Home\",\"item\":\"https:\\\/\\\/loreedespistes-toussuire.com\\\/\"},{\"@type\":\"ListItem\",\"position\":2,\"name\":\"Contact\"}]},{\"@type\":\"WebSite\",\"@id\":\"https:\\\/\\\/loreedespistes-toussuire.com\\\/#website\",\"url\":\"https:\\\/\\\/loreedespistes-toussuire.com\\\/\",\"name\":\"R\u00e9sidence l&#039;Or\u00e9e des pistes \u00e0 la Toussuire\",\"description\":\"Locations saisonni\u00e8res\",\"publisher\":{\"@id\":\"https:\\\/\\\/loreedespistes-toussuire.com\\\/#organization\"},\"potentialAction\":[{\"@type\":\"SearchAction\",\"target\":{\"@type\":\"EntryPoint\",\"urlTemplate\":\"https:\\\/\\\/loreedespistes-toussuire.com\\\/?s={search_term_string}\"},\"query-input\":{\"@type\":\"PropertyValueSpecification\",\"valueRequired\":true,\"valueName\":\"search_term_string\"}}],\"inLanguage\":\"fr-FR\"},{\"@type\":\"Organization\",\"@id\":\"https:\\\/\\\/loreedespistes-toussuire.com\\\/#organization\",\"name\":\"R\u00e9sidence l&#039;Or\u00e9e des pistes \u00e0 la Toussuire\",\"url\":\"https:\\\/\\\/loreedespistes-toussuire.com\\\/\",\"logo\":{\"@type\":\"ImageObject\",\"inLanguage\":\"fr-FR\",\"@id\":\"https:\\\/\\\/loreedespistes-toussuire.com\\\/#\\\/schema\\\/logo\\\/image\\\/\",\"url\":\"https:\\\/\\\/loreedespistes-toussuire.com\\\/wp-content\\\/uploads\\\/2025\\\/07\\\/cropped-Green-Black-Minimalist-Pine-Tree-Logo.png\",\"contentUrl\":\"https:\\\/\\\/loreedespistes-toussuire.com\\\/wp-content\\\/uploads\\\/2025\\\/07\\\/cropped-Green-Black-Minimalist-Pine-Tree-Logo.png\",\"width\":464,\"height\":80,\"caption\":\"R\u00e9sidence l&#039;Or\u00e9e des pistes \u00e0 la Toussuire\"},\"image\":{\"@id\":\"https:\\\/\\\/loreedespistes-toussuire.com\\\/#\\\/schema\\\/logo\\\/image\\\/\"}}]}<\/script>\n<!-- \/ Yoast SEO plugin. -->","yoast_head_json":{"title":"Contact - R\u00e9sidence l&#039;Or\u00e9e des pistes \u00e0 la Toussuire","robots":{"index":"index","follow":"follow","max-snippet":"max-snippet:-1","max-image-preview":"max-image-preview:large","max-video-preview":"max-video-preview:-1"},"canonical":"https:\/\/loreedespistes-toussuire.com\/index.php\/contact\/","og_locale":"fr_FR","og_type":"article","og_title":"Contact - R\u00e9sidence l&#039;Or\u00e9e des pistes \u00e0 la Toussuire","og_description":"Contactez-nous R\u00e9sidence l&rsquo;Or\u00e9e des pistes 7 route des chasseurs alpins 73300 Fontcouverte-la-Toussuire +33 6 66 37 48 66 loreedespistes.toussuire@gmail.com .. O\u00f9 laissez nous un message &#916;","og_url":"https:\/\/loreedespistes-toussuire.com\/index.php\/contact\/","og_site_name":"R\u00e9sidence l&#039;Or\u00e9e des pistes \u00e0 la Toussuire","article_modified_time":"2025-07-12T11:27:26+00:00","twitter_card":"summary_large_image","twitter_misc":{"Dur\u00e9e de lecture estim\u00e9e":"1 minute"},"schema":{"@context":"https:\/\/schema.org","@graph":[{"@type":"WebPage","@id":"https:\/\/loreedespistes-toussuire.com\/index.php\/contact\/","url":"https:\/\/loreedespistes-toussuire.com\/index.php\/contact\/","name":"Contact - R\u00e9sidence l&#039;Or\u00e9e des pistes \u00e0 la Toussuire","isPartOf":{"@id":"https:\/\/loreedespistes-toussuire.com\/#website"},"datePublished":"2023-03-24T06:55:22+00:00","dateModified":"2025-07-12T11:27:26+00:00","breadcrumb":{"@id":"https:\/\/loreedespistes-toussuire.com\/index.php\/contact\/#breadcrumb"},"inLanguage":"fr-FR","potentialAction":[{"@type":"ReadAction","target":["https:\/\/loreedespistes-toussuire.com\/index.php\/contact\/"]}]},{"@type":"BreadcrumbList","@id":"https:\/\/loreedespistes-toussuire.com\/index.php\/contact\/#breadcrumb","itemListElement":[{"@type":"ListItem","position":1,"name":"Home","item":"https:\/\/loreedespistes-toussuire.com\/"},{"@type":"ListItem","position":2,"name":"Contact"}]},{"@type":"WebSite","@id":"https:\/\/loreedespistes-toussuire.com\/#website","url":"https:\/\/loreedespistes-toussuire.com\/","name":"R\u00e9sidence l&#039;Or\u00e9e des pistes \u00e0 la Toussuire","description":"Locations saisonni\u00e8res","publisher":{"@id":"https:\/\/loreedespistes-toussuire.com\/#organization"},"potentialAction":[{"@type":"SearchAction","target":{"@type":"EntryPoint","urlTemplate":"https:\/\/loreedespistes-toussuire.com\/?s={search_term_string}"},"query-input":{"@type":"PropertyValueSpecification","valueRequired":true,"valueName":"search_term_string"}}],"inLanguage":"fr-FR"},{"@type":"Organization","@id":"https:\/\/loreedespistes-toussuire.com\/#organization","name":"R\u00e9sidence l&#039;Or\u00e9e des pistes \u00e0 la Toussuire","url":"https:\/\/loreedespistes-toussuire.com\/","logo":{"@type":"ImageObject","inLanguage":"fr-FR","@id":"https:\/\/loreedespistes-toussuire.com\/#\/schema\/logo\/image\/","url":"https:\/\/loreedespistes-toussuire.com\/wp-content\/uploads\/2025\/07\/cropped-Green-Black-Minimalist-Pine-Tree-Logo.png","contentUrl":"https:\/\/loreedespistes-toussuire.com\/wp-content\/uploads\/2025\/07\/cropped-Green-Black-Minimalist-Pine-Tree-Logo.png","width":464,"height":80,"caption":"R\u00e9sidence l&#039;Or\u00e9e des pistes \u00e0 la Toussuire"},"image":{"@id":"https:\/\/loreedespistes-toussuire.com\/#\/schema\/logo\/image\/"}}]}},"jetpack_sharing_enabled":true,"_links":{"self":[{"href":"https:\/\/loreedespistes-toussuire.com\/index.php\/wp-json\/wp\/v2\/pages\/75","targetHints":{"allow":["GET"]}}],"collection":[{"href":"https:\/\/loreedespistes-toussuire.com\/index.php\/wp-json\/wp\/v2\/pages"}],"about":[{"href":"https:\/\/loreedespistes-toussuire.com\/index.php\/wp-json\/wp\/v2\/types\/page"}],"author":[{"embeddable":true,"href":"https:\/\/loreedespistes-toussuire.com\/index.php\/wp-json\/wp\/v2\/users\/2"}],"replies":[{"embeddable":true,"href":"https:\/\/loreedespistes-toussuire.com\/index.php\/wp-json\/wp\/v2\/comments?post=75"}],"version-history":[{"count":15,"href":"https:\/\/loreedespistes-toussuire.com\/index.php\/wp-json\/wp\/v2\/pages\/75\/revisions"}],"predecessor-version":[{"id":2658,"href":"https:\/\/loreedespistes-toussuire.com\/index.php\/wp-json\/wp\/v2\/pages\/75\/revisions\/2658"}],"wp:attachment":[{"href":"https:\/\/loreedespistes-toussuire.com\/index.php\/wp-json\/wp\/v2\/media?parent=75"}],"curies":[{"name":"wp","href":"https:\/\/api.w.org\/{rel}","templated":true}]}}